{"id":2,"date":"2013-10-05T08:42:06","date_gmt":"2013-10-05T08:42:06","guid":{"rendered":"http:\/\/www.officina61.it\/?page_id=2"},"modified":"2014-10-21T13:20:13","modified_gmt":"2014-10-21T11:20:13","slug":"pagina-di-esempio","status":"publish","type":"page","link":"https:\/\/www.officina61.it\/?page_id=2","title":{"rendered":"Studio"},"content":{"rendered":"<p style=\"text-align: justify;\"><a href=\"http:\/\/www.officina61.it\/wp-content\/uploads\/2013\/10\/arch_tessari_white.png\"><img loading=\"lazy\" class=\"alignnone size-full wp-image-207\" src=\"http:\/\/www.officina61.it\/wp-content\/uploads\/2013\/10\/arch_tessari_white.png\" alt=\"arch_tessari_white\" width=\"1100\" height=\"200\" srcset=\"https:\/\/www.officina61.it\/wp-content\/uploads\/2013\/10\/arch_tessari_white.png 1100w, https:\/\/www.officina61.it\/wp-content\/uploads\/2013\/10\/arch_tessari_white-300x54.png 300w, https:\/\/www.officina61.it\/wp-content\/uploads\/2013\/10\/arch_tessari_white-785x142.png 785w, https:\/\/www.officina61.it\/wp-content\/uploads\/2013\/10\/arch_tessari_white-260x47.png 260w, https:\/\/www.officina61.it\/wp-content\/uploads\/2013\/10\/arch_tessari_white-420x76.png 420w, https:\/\/www.officina61.it\/wp-content\/uploads\/2013\/10\/arch_tessari_white-620x112.png 620w, https:\/\/www.officina61.it\/wp-content\/uploads\/2013\/10\/arch_tessari_white-800x145.png 800w\" sizes=\"(max-width: 1100px) 100vw, 1100px\" \/><\/a><\/p>\n<p style=\"text-align: justify;\"><img loading=\"lazy\" class=\"alignnone size-full wp-image-382\" src=\"http:\/\/www.officina61.it\/wp-content\/uploads\/2013\/10\/arch_battiston_white_bis.png\" alt=\"arch_battiston_white_bis\" width=\"1100\" height=\"200\" srcset=\"https:\/\/www.officina61.it\/wp-content\/uploads\/2013\/10\/arch_battiston_white_bis.png 1100w, https:\/\/www.officina61.it\/wp-content\/uploads\/2013\/10\/arch_battiston_white_bis-300x54.png 300w, https:\/\/www.officina61.it\/wp-content\/uploads\/2013\/10\/arch_battiston_white_bis-785x142.png 785w, https:\/\/www.officina61.it\/wp-content\/uploads\/2013\/10\/arch_battiston_white_bis-260x47.png 260w, https:\/\/www.officina61.it\/wp-content\/uploads\/2013\/10\/arch_battiston_white_bis-420x76.png 420w, https:\/\/www.officina61.it\/wp-content\/uploads\/2013\/10\/arch_battiston_white_bis-620x112.png 620w, https:\/\/www.officina61.it\/wp-content\/uploads\/2013\/10\/arch_battiston_white_bis-800x145.png 800w\" sizes=\"(max-width: 1100px) 100vw, 1100px\" \/><\/p>\n<p style=\"text-align: justify;\">lo studio <strong>OFFICINA61<\/strong> nasce nel 2011 dall\u2019esigenza di due giovani Architetti di proporre nel territorio una nuova mentalit\u00e0, un nuovo pensiero. Esigenza di proporre lo Studio non solo come riferimento artistico e culturale, ma anche come laboratorio e fucina pulsante in continuo sviluppo, in cui lo scambio di idee e la sinergia tra diverse figure professionali, tecniche, artistiche ed artigianali \u00e8 garantita attraverso un continuo dialogo, mirato ad ottenere i migliori risultati di sintesi tra funzionalit\u00e0 ed estetica, in una ricerca continua verso la sostenibilit\u00e0 ed il benessere.<\/p>\n","protected":false},"excerpt":{"rendered":"<p>lo studio OFFICINA61 nasce nel 2011 dall\u2019esigenza di due giovani Architetti di proporre nel territorio una nuova mentalit\u00e0, un nuovo&#8230;<\/p>\n","protected":false},"author":4,"featured_media":0,"parent":0,"menu_order":0,"comment_status":"open","ping_status":"open","template":"template-full-width.php","meta":[],"_links":{"self":[{"href":"https:\/\/www.officina61.it\/index.php?rest_route=\/wp\/v2\/pages\/2"}],"collection":[{"href":"https:\/\/www.officina61.it\/index.php?rest_route=\/wp\/v2\/pages"}],"about":[{"href":"https:\/\/www.officina61.it\/index.php?rest_route=\/wp\/v2\/types\/page"}],"author":[{"embeddable":true,"href":"https:\/\/www.officina61.it\/index.php?rest_route=\/wp\/v2\/users\/4"}],"replies":[{"embeddable":true,"href":"https:\/\/www.officina61.it\/index.php?rest_route=%2Fwp%2Fv2%2Fcomments&post=2"}],"version-history":[{"count":30,"href":"https:\/\/www.officina61.it\/index.php?rest_route=\/wp\/v2\/pages\/2\/revisions"}],"predecessor-version":[{"id":389,"href":"https:\/\/www.officina61.it\/index.php?rest_route=\/wp\/v2\/pages\/2\/revisions\/389"}],"wp:attachment":[{"href":"https:\/\/www.officina61.it\/index.php?rest_route=%2Fwp%2Fv2%2Fmedia&parent=2"}],"curies":[{"name":"wp","href":"https:\/\/api.w.org\/{rel}","templated":true}]}}